 (-916)/8. Calculate the highest common factor of 12 and n.
6
Let a be 13*(0 + 385/11). Calculate the greatest common factor of 35 and a.
35
Let x be (-66)/((-232)/28 - ((-4 - -2) + -6)). What is the greatest common factor of 16401 and x?
231
Let b = -18 + 39. Let y be 5724/26 + (4 - (-270)/(-65)). Suppose y - 10 = 5*c. Calculate the highest common divisor of b and c.
21
Let r(g) = 2*g**2 - 7*g - 3. Let f be r(4). Let d be 3/6*f*266. Let x = 136 + -117. What is the highest common divisor of d and x?
19
Let g be 204 - (-6)/(-24)*28. Suppose -g*s = -201*s + 392. Calculate the greatest common factor of s and 56.
14
Let y be (-15)/2*(145/(-25) + 5). Let c(p) = p**2 - 14*p + 47. Let a be c(y). Let t be (-70)/a + 0/(7 - 0). Calculate the greatest common factor of t and 14.
14
Suppose 0 = -3*w - x + 107, -5*w + 7*x = 9*x - 178. Calculate the greatest common divisor of w and 144.
36
Let v = -12 + 24. Suppose -3*c + 104 = -2*y, 44 = 4*c - 2*y - 92. Calculate the highest common factor of v and c.
4
Suppose 3*x - 63 = 4*f + 133, 0 = 5*x + 2*f - 318. What is the greatest common divisor of 166 and x?
2
Suppose -171*q = 763 - 4867. What is the highest common divisor of q and 1002?
6
Let s(w) = -w**3 + 14*w**2 + 10*w + 12. Suppose -84 = -33*y + 26*y. Let g be s(y). Calculate the highest common divisor of g and 20.
20
Suppose 23*v + 1350 = 7376. Calculate the greatest common divisor of 3013 and v.
131
Let o(f) = -f**3 + 11*f**2 + 9*f - 74. Let t be o(-7). Calculate the highest common factor of t and 3278.
149
Suppose 181 = 4*m + s, 20*m - 17*m + 3*s - 147 = 0. Let p(h) = 143*h**2 - h - 1. Let i be p(-1). What is the highest common divisor of m and i?
11
Let l = -5614 + 5641. Let u(d) = d**3 - d + 3. Let b be u(0). What is the highest common divisor of b and l?
3
Let c be (-8)/(-16) + 110/4 + -2. Let w(p) = 7*p**2 + p. Let f be w(-2). What is the greatest common factor of c and f?
26
Suppose 8*h = 25*h - 5661. Let b = h - 198. Calculate the highest common divisor of b and 27.
27
Let m be (1256/(-471))/(2/(-510)). What is the highest common divisor of 28 and m?
4
Let g be 10700/125 + (6/(-15))/(-1). What is the highest common factor of g and 16856?
86
Suppose -3*l + 59 = 23. Let s = 7214 - 7082. Calculate the highest common divisor of l and s.
12
Let h = -308 + 311. Suppose -33*z = -h*r - 32*z + 61, -10 = -5*z. What is the highest common factor of r and 21?
21
Suppose 0 = -q + 40 + 14. Let v(j) = 13*j + 63. Let m be v(-20). Let u = -191 - m. Calculate the greatest common divisor of u and q.
6
Let y(r) = 1975*r**3 - 5*r**2 + 7*r - 3. Let o be y(1). Calculate the greatest common divisor of 24 and o.
6
Let j be -130*((-99)/10 + (-250)/(-625) - -7). Calculate the greatest common factor of 4075 and j.
25
Let j(k) = 1 - k**3 - 24*k**2 - 12*k**2 + 38*k**2 + 20*k. Let t be j(-8). Calculate the greatest common factor of t and 13.
13
Let c = -28 - -68. Suppose 397 + 145 = 2*u. Let p = 281 - u. What is the highest common factor of c and p?
10
Suppose 3*s + a = 94, 78 + 8 = 3*s - a. Let y be (s - 4)/(1 + 1). Let r(u) = -2*u + 3. Let o be r(-5). Calculate the greatest common factor of y and o.
13
Suppose -254 + 74 = -4*w. Let o = 53 - w. Suppose 46*k = 49*k - 120. Calculate the highest common divisor of k and o.
8
Suppose p = 4*p + 249. Let a = 109 + p. Suppose -12 + a = t. What is the highest common divisor of 35 and t?
7
Let c be 0/(-4) + (2 + -2)/(-3). Suppose -5*b - l + 5589 = c, 0 = 5*b - 4*l - 0*l - 5594. Calculate the greatest common divisor of 26 and b.
26
Suppose 8 = 2*a + 38. Let d = a - -22. Let f(m) = -m**2 + 13*m - 12. Let b be f(d). Calculate the highest common divisor of 90 and b.
30
Suppose 50*r - 91*r + 340340 = 129*r. Calculate the highest common factor of 5434 and r.
286
Let p be (-10*12/(-98))/(2/14)*7. What is the greatest common factor of p and 1020?
60
Let t(c) = 2*c**3 - 11*c**2 - 11*c + 42. Let b be t(9). Suppose 4*x - 807 = -3*w, 25*x - 396 = 23*x - 4*w. Calculate the greatest common divisor of b and x.
102
Let l = 536 + -528. Suppose 2*p - 347 = -3*j, -3*j - 4*p + 359 = -l*p. Suppose 2*h - 312 = -2*h. What is the greatest common factor of h and j?
39
Suppose 8*d = -41*d + 8428. Let v = 16 + -16. Suppose -9*q + 2*q + 301 = v. Calculate the highest common divisor of d and q.
43
Let y = 1196 + -826. Let i(l) = -4*l - 134. Let w be i(-36). Calculate the greatest common factor of w and y.
10
Let d(j) = 2*j**2 + 39*j + 9. Let p be d(-25). Let b = -245 + p. What is the highest common factor of 78 and b?
39
Let q = 4479 + -4434. Calculate the highest common divisor of q and 745.
5
Let h be -602*((-161)/23)/49. What is the greatest common factor of 6966 and h?
86
Suppose 0 = -c - 5*d + 36, -5*c = 3*d - 103 - 55. Suppose 2*f + 3*b + 4 = c, -4*f + 2*b + 78 = 0. Calculate the highest common divisor of f and 81.
9
Let i = 114 - 82. Suppose 232 = 2*j - v, -4*v + 139 = j + i. Let b be (-6 - j/(-10))/(1/2). Calculate the highest common factor of b and 1.
1
Suppose 3*g - 3*f = -18, 5 = 5*g + 4*f - 10. Let i be 37 - (g - 1*(1 + -3)). Let r = 50 - i. Calculate the highest common factor of r and 7.
7
Let x(o) = -o**3 + 12*o**2 - 5*o - 1. Let d be x(11). Let k be -6 - (-77)/(-28)*-4. Calculate the highest common divisor of d and k.
5
Let j(s) = 4*s**2 - 6*s - s**2 - 4*s**2 - 9 - 8*s. Let l be j(-15). Let i be (20/(-30))/(1/l). What is the highest common divisor of 40 and i?
8
Suppose -168 = 61*s - 54*s. Let u be s/(-48)*100/1. Calculate the highest common factor of 10 and u.
10
Let n(i) = 26*i**3 + 1. Let g be n(1). Suppose -5*y + 403 = v + v, -400 = -5*y - 5*v. Suppose -5*c = -2*c - y. Calculate the greatest common factor of g and c.
27
Suppose -16 = -3*q + 4*l, 5*q - 3*l + 1 = 6*q. Suppose 0 = 3*v - q*s - 540, -2*v = -2*s + s - 360. What is the greatest common factor of v and 36?
36
Let y(o) = -o**2 - 27*o + 13. Let b = -132 - -125. Let i be y(b). Calculate the greatest common divisor of i and 17.
17
Let c(m) = 244*m + 7948. Let x be c(-31). What is the greatest common divisor of 696 and x?
24
Suppose -i + k = -2*k + 340, 5*i + 1690 = 5*k. Let x = i + 376. Calculate the highest common factor of 104 and x.
13
Let a(q) be the first derivative of q**3/3 - 2*q**2 - 184*q - 262. Let i be a(-12). What is the greatest common factor of i and 88?
8
Let b(t) = t**3 - 18*t**2 - 38*t - 20. Let a be b(20). Let o = a - -2. Calculate the greatest common divisor of o and 506.
22
Let r(j) = 166*j + 118. Let w be r(21). Calculate the highest common factor of 424 and w.
212
Suppose -440*j + 412*j = -6440. Calculate the greatest common divisor of j and 20.
10
Let a be 4*45/14*(-658)/(-564). What is the greatest common divisor of 1285 and a?
5
Suppose 49*s - 47*s - 392 = -5*m, 2*s + 232 = 3*m. What is the greatest common factor of 26 and m?
26
Suppose 50 = 5*w - 0*w. Suppose 138*k - 7144 = 2516. Calculate the highest common factor of w and k.
10
Let j(i) be the third derivative of -i**4/24 + 5*i**3/3 + 25*i**2. Let y be j(-14). Calculate the highest common divisor of y and 108.
12
Let a = -96 - -91. Let m be (-10)/3 - a/(-45)*6. Let o be -3 + 0 - (-6*19 + m). Calculate the highest common factor of 23 and o.
23
Suppose 2*d - m - 82 = 0, -5*d - 3365 = -m - 3579. What is the highest common factor of 412 and d?
4
Let i be ((-2)/(-6))/((-11)/(-132)). Let r = 10 - i. Let z = -65 + 143. Calculate the highest common divisor of r and z.
6
Suppose 36100 = 87*w + 41*w + 62*w. Let y be (-2)/(-6) - (-596)/12. What is the highest common divisor of y and w?
10
Let w be 6/3*(-3)/(-1). Let g = -38869 + 38872. Calculate the highest common divisor of w and g.
3
Let r = 93 + -369. Let p = r + 306. Suppose -5*u + 10 = 0, -i - 4*u = -2*i + 22. What is the highest common divisor of i and p?
30
Let k(h) = -h**2 + 74*h - 1050. Let l be k(29). What is the greatest common factor of 1770 and l?
15
Let m be (1/2)/((-737)/268) + 48985/11. Calculate the highest common factor of m and 122.
61
Suppose -40*s + 912 + 825 = -343. Calculate the highest common factor of s and 3796.
52
Let z = -17 + 20. Suppose f - 1692 = -z*f. Let k be -1 - (2 + -13) - -37. Calculate the greatest common divisor of f and k.
47
Suppose -208*a + 201*a = -126. Let h(d) = 3*d**2 + 8*d - 80. Let b be h(a). Calculate the greatest common divis